.
64
Let k(t) = -15*t**3 - 738*t**2 - 146*t + 47. Give k(-49).
-2
Let s(r) = -9*r - 202. Determine s(-14).
-76
Let u(n) = -3*n**2 - 141*n + 751. Determine u(5).
-29
Let t(c) = c**3 + 11*c**2 + 58*c + 149. Give t(-4).
29
Let m(x) = 62*x**2 - 13*x - 17. What is m(-1)?
58
Let v(d) = 3*d**2 - 15*d - 135. Give v(16).
393
Let x(l) = 6*l**3 - 5*l**2 - 8*l + 2. Give x(-3).
-181
Let l(p) = -p**3 - 34*p**2 - 92*p + 82. Give l(-31).
51
Let c(l) = -4*l**3 + 18*l**2 + 113*l - 5. Give c(8).
3
Let g(o) = 3*o**3 + 20*o**2 + 24*o + 244. What is g(-7)?
27
Let i(x) = x**3 - 6*x**2 - 20*x - 2. Calculate i(9).
61
Let v(a) = -6*a**2 + 7*a + 415. Calculate v(9).
-8
Let y(f) = -12*f - 960. What is y(-76)?
-48
Let r(c) = c**2 - 40*c - 12. Determine r(30).
-312
Let v(h) = -2*h**3 - 8*h**2 - 7*h - 12. Give v(0).
-12
Let l(o) = -232*o + 929. Calculate l(4).
1
Let x(d) = d**2 - 18*d + 57. What is x(14)?
1
Let r(p) = 3*p**3 - 45*p**2 - 232*p + 70. Give r(19).
-6
Let r(a) = -114*a + 13450. Determine r(118).
-2
Let j(y) = 2*y**2 - 65*y - 83. Calculate j(34).
19
Let y(o) = 103*o - 1456. Determine y(14).
-14
Let i(n) = -n**2 - 761*n - 4536. Give i(-6).
-6
Let f(l) = 86*l - 352. Calculate f(4).
-8
Let o(d) = -d**2 + 10*d + 332. What is o(24)?
-4
Let o(y) = -13*y**2 + 13*y + 259. Give o(-4).
-1
Let g(y) = -y**3 + 79*y**2 - 77*y - 80. Give g(78).
-2
Let n(o) = 2*o**2 + 3*o + 31. Calculate n(6).
121
Let f(h) = -44*h + 2812. Determine f(64).
-4
Let j(l) = -l**2 - 30*l - 250. Give j(-21).
-61
Let g(p) = -1945*p + 15362. Give g(8).
-198
Let u(b) = 3*b**2 + 39*b - 765. Give u(-23).
-75
Let l(g) = -g**2 - 247*g - 10257. What is l(-53)?
25
Let v(t) = 1813*t - 27163. What is v(15)?
32
Let v(j) = 10*j**2 + 101*j + 26. Determine v(-9).
-73
Let v(y) = -2*y**2 - 72*y - 76. Determine v(-30).
284
Let b(j) = -2*j - 115. Calculate b(-42).
-31
Let r(v) = -v**3 - 2*v**2 + 51*v + 77. What is r(-8)?
53
Let w(t) = -23*t - 454. Give w(-27).
167
Let w(o) = -o**3 + 123*o**2 + 778*o - 523. Calculate w(129).
-7
Let l(x) = -x**3 + 60*x**2 - 503*x + 173. Calculate l(50).
23
Let p(t) = t**2 + 50*t + 591. Give p(-26).
-33
Let f(w) = -2*w**2 - 24*w + 510. Give f(12).
-66
Let w(u) = -4187*u + 25115. Determine w(6).
-7
Let q(u) = u**2 + 120*u + 3610. Give q(-59).
11
Let l(s) = s**2 - 158*s + 94. What is l(0)?
94
Let c(s) = 12*s + 197. What is c(-57)?
-487
Let v(t) = -t**2 - 56*t + 528. What is v(8)?
16
Let n(q) = -217*q**3 - 38*q**2 + 36*q + 1. What is n(1)?
-218
Let t(o) = 45*o + 4693. Calculate t(-102).
103
Let k(g) = 795*g - 1639. Calculate k(2).
-49
Let a(m) = 6*m**2 + 18*m - 30. What is a(-7)?
138
Let r(z) = -20*z**2 - 10*z + 21. What is r(4)?
-339
Let l(a) = -a**2 + 26*a + 628. Calculate l(-15).
13
Let x(h) = -44*h + 4191. Calculate x(95).
11
Let l(b) = 4*b**2 - 41*b + 56. What is l(6)?
-46
Let f(i) = 240*i - 4233. Determine f(18).
87
Let g(d) = 2*d**2 - 40*d + 131. Give g(14).
-37
Let x(k) = -k**2 - 156*k + 933. Determine x(6).
-39
Let x(j) = -j**2 - 56*j - 146. Give x(-54).
-38
Let t(x) = x**3 - 14*x**2 + 23*x. Calculate t(12).
-12
Let z(h) = h**3 + 23*h**2 + 79*h + 51. What is z(-19)?
-6
Let s(m) = m - 67. What is s(-17)?
-84
Let n(d) = d**3 - 48*d**2 + 93*d - 40. Determine n(46).
6
Let g(n) = -9*n**3 - 2*n**2 - 6*n - 2. What is g(-2)?
74
Let h(a) = -a**2 - 263*a - 8566. What is h(-38)?
-16
Let i(f) = 10058*f + 30161. What is i(-3)?
-13
Let m(u) = u**2 + 1659*u - 8315. Calculate m(5).
5
Let h(m) = -3593*m + 21567. What is h(6)?
9
Let g(f) = -3*f - 376. Determine g(-13).
-337
Let r(s) = -s**3 - 75*s**2 - 130*s + 1133. Give r(-73).
-35
Let f(n) = -152*n - 10349. Calculate f(-68).
-13
Let o(s) = -534*s**3 + 19760*s**2 - 75*s + 39. Determine o(37).
2
Let x(u) = 23*u - 218. What is x(14)?
104
Let x(i) = 8*i**3 - 96*i**2 - 53. Determine x(12).
-53
Let m(u) = -7*u**3 - 6*u**2 + 12*u + 5. Calculate m(-2).
13
Let d(f) = -f**3 + 41*f**2 - 127*f - 775. What is d(37)?
2
Let x(p) = -4*p**2 - 412*p + 46. Give x(-103).
46
Let v(m) = m**3 - 19*m**2 + 15*m - 33. What is v(19)?
252
Let r(y) = -64*y - 346. Determine r(-7).
102
Let p(w) = w**3 + w**2 - 83*w + 18. Calculate p(-9).
117
Let s(r) = -16*r**3 - 3*r**2 - 62*r - 59. Calculate s(-1).
16
Let f(m) = -2*m**2 - 55*m - 155. What is f(-25)?
-30
Let t(s) = 868*s + 1753. Calculate t(-2).
17
Let m(x) = 292*x + 1171. Calculate m(-4).
3
Let n(l) = l**3 - 6*l**2 - 20*l + 11. What is n(8)?
-21
Let t(z) = z**2 + 289*z + 876. What is t(-3)?
18
Let k(l) = 7*l**2 - 1995*l - 2011. Determine k(286).
-9
Let u(r) = 2*r**2 - 269*r + 2669. What is u(11)?
-48
Let m(r) = 2*r**3 - 2*r**2 - 14*r + 7. Calculate m(3).
1
Let j(o) = 10*o - 889. Determine j(88).
-9
Let x(n) = -26*n**2 - 3*n + 23. What is x(4)?
-405
Let k(v) = -v**2 - 152*v + 19206. Give k(82).
18
Let b(c) = c**2 - 16*c - 5. Calculate b(16).
-5
Let m(z) = 3*z + 120. Determine m(-7).
99
Let d(o) = -o**3 - 56*o**2 - 109*o - 19. Calculate d(-54).
35
Let a(y) = -47*y + 224. What is a(0)?
224
Let d(w) = 37*w**2 - 151*w - 67. Give d(5).
103
Let o(h) = 127*h**2 - 58*h. Determine o(2).
392
Let k(q) = 66*q**2 - 17*q - 5. What is k(-2)?
293
Let l(o) = 2*o**3 - 11*o**2 - 447*o - 61. Give l(18).
-7
Let g(x) = -x**2 + 2211*x + 24441. Calculate g(-11).
-1
Let k(s) = -s**2 + 1363*s - 5440. What is k(4)?
-4
Let f(t) = -210*t - 806. Give f(-4).
34
Let y(w) = 17*w**2 - w - 13. Calculate y(-3).
143
Let u(x) = x**3 - 16*x**2 + 102*x - 262. What is u(6)?
-10
Let r(a) = 92*a - 752. Determine r(6).
-200
Let q(c) = -c**3 - 11*c**2 + 4*c + 6. Calculate q(-10).
-134
Let c(z) = -z**3 - 81*z**2 + 425*z - 425. What is c(-86)?
5
Let m(w) = 1098*w + 3183. Determine m(-3).
-111
Let s(f) = f**2 - 120*f + 1396. What is s(13)?
5
Let a(i) = -i**3 + 18*i**2 + 11*i - 612. Give a(16).
76
Let k(i) = -15399*i + 30791. What is k(2)?
-7
Let j(u) = u**3 + 13*u**2 - 5*u - 4. What is j(-13)?
61
Let p(u) = 4*u**2 + 115*u - 72. Determine p(-28).
-156
Let y(b) = 125*b + 9383. Give y(-75).
8
Let j(n) = -3*n**3 - 2*n**2 + 20*n - 17. What is j(1)?
-2
Let l(o) = 48*o - 306. Give l(4).
-114
Let l(c) = -474*c + 16629. Calculate l(35).
39
Let q(u) = 23*u**3 - 180*u**2 - 48*u + 116. What is q(8)?
-12
Let u(t) = 575*t - 2874. Determine u(5).
1
Let u(f) = f**2 + 1088*f + 32767. What is u(-31)?
0
Let v(m) = m**2 - 4*m - 84. Give v(-8).
12
Let c(n) = 106*n - 8471. Determine c(80).
9
Let z(g) = g**2 + 24*g + 83. Determine z(-23).
60
Let w(k) = k**2 + 201*k + 4701. What is w(-174)?
3
Let k(n) = 657*n - 73608. Determine k(112).
-24
Let v(w) = -2*w**3 - 13*w**2 - 637*w - 4513. Calculate v(-7).
-5
Let w(b) = -588*b - 7320. Calculate w(-13).
324
Let z(i) = -210*i + 10025. Calculate z(48).
-55
Let l(u) = -2*u**2 - 50*u + 63. Give l(-31).
-309
Let r(g) = -38*g - 323. Give r(-6).
-95
Let p(w) = -32*w + 24. Give p(-3).
120
Let g(i) = -15*i + 83. Determine g(0).
83
Let o(i) = -10*i**2 + 57*i - 82. Calculate o(3).
-1
Let n(h) = -h**2 + 362*h - 4199. What is n(12)?
1
Let v(m) = 64*m - 1652. Calculate v(23).
-180
Let s(n) = n**3 - n**2 + 136*n + 281. What is s(-2)?
-3
Let j(z) = z**2 - 494*z - 4019. Calculate j(-8).
-3
Let x(w) = 152*w - 6388. Determine x(42).
-4
Let f(m) = -2*m**2 - 137*m - 1487. Calculate f(-55).
-2
Let c(u) = 1317*u - 14472. What is c(11)?
15
Let y(x) = 6*x**2 - 1050*x + 2083. What is y(173)?
7
Let z(l) = 69*l + 3336. Determine z(-50).
-114
Let k(w) = 88*w + 1954. What is k(-23)?
-70
Let p(y) = -2*y**2 - 49*y - 409. Determine p(-17).
-154
Let s(f) = -1566*f - 25059. What is s(-16)?
-3
Let m(q) = -9*q**2 + 162*q + 28. Give m(18).
28
Let j(c) = -6*c**2 + 44*c + 379. Give j(-7).
-223
Let y(t) = t**3 + 16*t**2 - 33*t + 45. What is y(-18)?
-9
Let x(b) = -15*b - 456. Calculate x(-26).
-66
Let q(o) = 2*o**2 + 66*o - 127. What is q(2)?
13
Let m(b) = -273*b + 95. Calculate m(-3).
914
Let d(h) = h**2 + 21*h + 34. Give d(-2).
-4
Let v(r) = -172*r**2 - 96*r + 190. Calculate v(2).
-690
Let z(y) = -96*y + 1815. Determine z(19).
-9
Let k(h) = -h**3 + 33*h**2 - 210*h - 55. Calculate k(9).
-1
Let q(g) = -g**3 + 55*g**2 + g + 151. What is q(0)?
151
Let v(u) = u**2 - 107*u + 1051. Calculate v(96).
-5
Let d(r) = 20*r + 165. Determine d(-8).
5
Let i(k) = -k**3 + 10*k**2 + 57*k - 35. Determine i(14).
-21
Let q(k) = k**3 - 89*k**2 - 9*k + 793. Determine q(89).
-8
Let i(k) = -k**3 + 21*k**2 + 62*k + 185